, what is -72 + 5?
-6b
In base 14, what is 1bc + 1?
1bd
In base 15, what is -a3 + -1?
-a4
In base 16, what is 16 + 30?
46
In base 10, what is -771 + 0?
-771
In base 14, what is -4 - -14d?
149
In base 11, what is 4 + 71?
75
In base 2, what is -110000001 + -10?
-110000011
In base 5, what is 2 + 42?
44
In base 10, what is 4 + 35?
39
In base 11, what is 1 + -73?
-72
In base 11, what is -272 - 0?
-272
In base 14, what is 654 - -4?
658
In base 4, what is -1030 + 10?
-1020
In base 16, what is -5 + 49?
44
In base 11, what is 26 - a?
17
In base 8, what is 156 - 0?
156
In base 9, what is -168 - 0?
-168
In base 15, what is 1 + -2e?
-2d
In base 10, what is -12 + 39?
27
In base 4, what is -20003 - 0?
-20003
In base 3, what is -21002 + 2?
-21000
In base 13, what is b + 154?
162
In base 11, what is 9 + 4?
12
In base 9, what is 4 + -277?
-273
In base 5, what is -124 - -2?
-122
In base 14, what is -6 - -38b?
385
In base 14, what is 4 - 7?
-3
In base 10, what is -1 + -45?
-46
In base 3, what is -11 - 210?
-221
In base 10, what is 2 - -83?
85
In base 7, what is -1305 + -10?
-1315
In base 10, what is 2 + 1346?
1348
In base 8, what is 4 - 3005?
-3001
In base 2, what is -101 + 11110100011?
11110011110
In base 6, what is 141 - -2?
143
In base 16, what is 4f - -1?
50
In base 6, what is 21 - 52?
-31
In base 2, what is 100 + 1000101110?
1000110010
In base 3, what is 121100 - 12?
121011
In base 16, what is -fc - 4?
-100
In base 6, what is 10 - 323?
-313
In base 11, what is 0 + -1801?
-1801
In base 9, what is -87 + -38?
-136
In base 7, what is -4 - 2300?
-2304
In base 13, what is a - -48?
55
In base 14, what is 9 + 4?
d
In base 7, what is -5 + 4?
-1
In base 7, what is 4 - -41?
45
In base 2, what is 10 + 100?
110
In base 6, what is 0 - -10?
10
In base 8, what is -4 + 34?
30
In base 16, what is 24 + 7c?
a0
In base 2, what is 1000 + -10001011?
-10000011
In base 2, what is -1001110110 + 101?
-1001110001
In base 7, what is -24 + -16?
-43
In base 7, what is -4323 - 0?
-4323
In base 2, what is -1 + -11000001?
-11000010
In base 7, what is -544 + 31?
-513
In base 6, what is 2320 + 21?
2341
In base 7, what is 5 + -5163?
-5155
In base 5, what is -2 + -2110?
-2112
In base 6, what is -4253 - 4?
-4301
In base 6, what is -21232 + 4?
-21224
In base 13, what is 6 - -147?
150
In base 9, what is -5 + 171?
165
In base 8, what is 102 + 2?
104
In base 13, what is 840 - -5?
845
In base 6, what is 1 + 341?
342
In base 15, what is 21 + -1c1?
-1a0
In base 4, what is -11 + 13?
2
In base 6, what is -2035 + -2?
-2041
In base 8, what is 24 + -76?
-52
In base 14, what is 6 - c9?
-c3
In base 11, what is -4 + -133?
-137
In base 12, what is 29 + -42?
-15
In base 14, what is -5 - 565?
-56a
In base 10, what is 9 + 152?
161
In base 11, what is -3 - 314?
-317
In base 7, what is 4 + 1136?
1143
In base 2, what is 101001111 + 11?
101010010
In base 15, what is -5 + -8e?
-94
In base 2, what is 0 + -1100010?
-1100010
In base 9, what is 3686 - -1?
3687
In base 11, what is -215 - 0?
-215
In base 9, what is -4 - 151?
-155
In base 2, what is -1010101 + -1000100?
-10011001
In base 11, what is 306 - -5?
310
In base 7, what is 5 - -3153?
3161
In base 6, what is 15410 + 0?
15410
In base 9, what is -312 - 60?
-372
In base 10, what is 5 + 1?
6
In base 15, what is 1b0a + 4?
1b0e
In base 5, what is -2 + 12142?
12140
In base 13, what is -4 - 24b?
-252
In base 13, what is -3 - 255?
-258
In base 14, what is -14 + -2?
-16
In base 10, what is -4 + -4830?
-4834
In base 9, what is -1831 + 0?
-1831
In base 13, what is -5 + -c6?
-cb
In base 7, what is 1 + -204?
-203
In base 11, what is 79 - -a?
88
In base 11, what is -7a + -8?
-87
In base 12, what is 5 + -a5?
-a0
In base 15, what is d3 + -5?
cd
In base 14, what is -8 + 12?
8
In base 13, what is -19c + 2?
-19a
In base 15, what is 13d + 4?
142
In base 5, what is -30 - 10?
-40
In base 10, what is -21 - 109?
-130
In base 15, what is b65 - -4?
b69
In base 11, what is 133 + 5?
138
In base 4, what is 2021111 + 11?
2021122
In base 11, what is -276 - 10?
-286
In base 16, what is -b + 14?
9
In base 6, what is 10 - 11?
-1
In base 6, what is 0 - -42541?
42541
In base 11, what is 5 + 164?
169
In base 6, what is -53 + 0?
-53
In base 8, what is 23 + 2?
25
In base 14, what is -2a + -97?
-c3
In base 9, what is -50 - -10?
-40
In base 6, what is 4 - 2043?
-2035
In base 7, what is -31 - 20?
-51
In base 13, what is -a + -15c?
-169
In base 9, what is -1 - -37?
36
In base 9, what is 2 - -7124?
7126
In base 15, what is 5 + 8?
d
In base 3, what is -11 + -110200?
-110211
In base 13, what is -6 + -5?
-b
In base 8, what is -141 + 6?
-133
In base 6, what is -5213 - 1?
-5214
In base 9, what is -27 + -4?
-32
In base 11, what is -3 - 1378?
-1380
In base 14, what is -5d4 + -18?
-60c
In base 12, what is 5 - -109?
112
In base 7, what is -134 - 15?
-152
In base 15, what is -39 + -3?
-3c
In base 11, what is 89a + -4?
896
In base 13, what is 168c + -1?
168b
In base 15, what is d - -5?
13
In base 14, what is -65b - -5?
-656
In base 10, what is 0 + -313?
-313
In base 10, what is 52 + -12?
40
In base 9, what is -5 + -540?
-545
In base 5, what is -2212 + -2?
-2214
In base 8, what is 335 - -5?
342
In base 4, what is 303 + -213?
30
In base 14, what is -157 + 3?
-154
In base 16, what is -5 - -1be?
1b9
In base 10, what is -631 - -3?
-628
In base 15, what is -1 + -26?
-27
In base 3, what is 12 - 10021?
-10002
In base 4, what is -20 + -3?
-23
In base 13, what is 5 + 869?
871
In base 16, what is 8b - -4?
8f
In base 16, what is -4a + 42?
-8
In base 6, what is -22 - 153?
-215
In base 14, what is -9 - 2b?
-36
In base 3, what is -10 - -1211022?
1211012
In base 11, what is -28 + -51?
-79
In base 14, what is 2d + 5?
34
In base 9, what is 236 + -4?
232
In base 4, what is 223 + 3?
232
In base 13, what is -39 - -2?
-37
In base 9, what is 0 + 632?
632
In base 16, what is -92 - 0?
-92
In base 8, what is -2 - -302?
300
In base 9, what is -62 + 2?
-60
In base 8, what is -3 - -447?
444
In base 3, what is 21 + 12001?
12022
In base 10, what is -17 + -40?
-57
In base 15, what is -3c2 + -2?
-3c4
In base 11, what is 1a + -78?
-59
In base 14, what is -3 + 58?
55
In base 13, what is -3 + -b0?
-b3
In base 14, what is -26 + 11?
-15
In base 14, what is -6 + -97?
-9d
In base 6, what is 15 + 33?
52
In base 9, what is 388 - 3?
385
In base 13, what is a3 - 2?
a1
In base 2, what is -1101000 - 111?
-1101111
In base 2, what is -10 - 101001010101?
-101001010111
In base 4, what is 3 + 220?
223
In base 10, what is -2 - -55?
53
In base 16, what is -5eb + 5?
-5e6
In base 12, what is -547 - 5?
-550
In base 13, what is -1 - -1aa?
1a9
In base 3, what is 2100 - 0?
2100
In base 9, what is 0 + -313?
-313
In base 5, what is 3220 + -4?
3211
In base 9, what is -32228 - 4?
-32233
In base 13, what is 4 + -61?
-5a
In base 5, what is 20231 + -1?
20230
In base 2, what is -101 - -1011101010?
1011100101
In base 3, what is -1020 + 100021?
22001
In base 15, what is -5 + 2a2?
29c
In base 4, what is -3333 + 1?
-3332
In base 15, what is 4564 - 1?
4563
In base 14, what is -152 - 5?
-157
In base 10, what is -39043 + 4?
-39039
In base 5, what is 12031 + -3?
12023
In base 7, what is -2 + -20?
-22
In base 8, what is -2506 + -5?
-2513
In base 15, what is 4 + -133?
-12e
In base 2, what is 1000011101110 - 100?
1000011101010
In base 13, what is 4 + -47?
-43
In base 16, what is 56b + -1a?
551
In base 14, what is -26 - -21?
-5
In base 16, what is -18 + -2?
-1a
In base 5, what is 0 - -32234?
32234
In base 16, what is ab + 3?
ae
In base 3, what is 12 - 0?
12
In base 5, what is 0 + 14021?
14021
In base 7, what is -2 - 1042?
-1044
In base 16, what is 6 + 70?
76
In base 16, what is -14 + -11?
-25
In base 8, what is -3 - -71?
66
In base 7, what is 220 + 3?
223
In base 7, what is 121 + 3?
124
In base 5, what is -1220 + -2?
-1222
In base 8, what is -5 + 40?
33
In base 6, what is -1251 - -1?
-1250
In base 2, what is 10101001 - 100?
10100101
In base 4, what is 213 - -3?
222
In base 15, what is 4 + -15?
-11
In base 10, what is 47 - -10?
57
In base 3, what is 11111 - 10?
11101
In base 15, what is -58 + 5?
-53
In base 12, what is 35 - -19?
52
In base 12, what is ab9 + -2?
ab7
In base 16, what is 3d - 0?
3d
In base 4, what is -11 + 10012?
10001
In base 14, what is -633 - 5?
-638
In base 8, what is 1 + -34?
-